6
Let p(q) = -2*q**3 + 2*q**2 + q - 7. What is the remainder when 582 is divided by p(-2)?
12
Let z be 4/(4 + -8) - (-6)/1. Calculate the remainder when 172 is divided by -35*(-1)/(z + -4).
32
Suppose -2*p + 142 = -3*y, -3*p = 3*y - 2*y - 224. Let q = p + -24. Let w = q - 29. What is the remainder when 83 is divided by w?
20
Let s = -10 - 15. What is the remainder when 61 is divided by (s - (-1)/1)*(-4)/6?
13
Suppose -4*m - 2*q = -10, -25 = -4*m + 3*q - 0*q. Suppose 26*y - 28*y + 46 = 0. What is the remainder when y is divided by m?
3
Let w(c) = 3*c**2 - 2*c. Let j be w(-6). Suppose 3*h - j = -12. Calculate the remainder when h is divided by (-35 + -3)/(-5 + 3).
17
Let n be 69/9 - (-4)/(-6). Suppose n*c + 39 = 10*c. Let f = 2 + 48. Calculate the remainder when f is divided by c.
11
Let n be (-73)/3 + 32/(-48). Let k = n - -35. Let o = 5 + k. Calculate the remainder when o is divided by 10.
5
Let x = 799 - 771. Calculate the remainder when x is divided by 3.
1
Let t = -1 + 15. Suppose -13*r + 9*r + 200 = 0. Calculate the remainder when -7 + r - 4/2 is divided by t.
13
Let t(w) = 2*w**3 + 8*w**2 - 5*w - 9. Suppose 2*q - 98 = -26. What is the remainder when q is divided by t(-4)?
3
Let l(w) = 3*w**3 + w**3 + 8*w - 8*w**3 - 5 + 3*w**3 - 5*w**2. Calculate the remainder when l(-7) is divided by 10.
7
Suppose k + 2*y = -2*y - 25, -k + y = 0. Suppose 38 = 2*f + 2*s, 6 = -2*s - 4. Calculate the remainder when ((-4)/(-12))/(k/(-1395)) is divided by f.
21
Suppose 0 = 5*w - 8*w + 12. Suppose 0 = -9*o + 5*o + w. Let a(f) = f**2 + 9*f - 8. What is the remainder when a(-10) is divided by o?
0
Let b(t) = -t**2 + 39*t - 147. Calculate the remainder when 257 is divided by b(34).
4
Let f(a) = a**3 + a + 11. Suppose -j + 2*k + 2 = 0, -2*j + 0*k + 3*k = -5. Let m(d) = d**2 + 3*d + 3. Calculate the remainder when m(j) is divided by f(0).
9
Let y = 19 - 4. Suppose 12 = 3*x - 9*x. Calculate the remainder when (-12)/30 + (-227)/(-5) + x is divided by y.
13
Suppose -5*w + 9*w + 44 = 0. Let g = w + 5. Let t = g + 19. Calculate the remainder when t is divided by 5.
3
Let v(g) = -9*g - 71. Suppose 0 = -3*f + y - 36, -5*y - 18 = -3. Let z = -7 - f. Calculate the remainder when v(-11) is divided by z.
4
Suppose 3*k + 5*b + 930 = 8*k, 0 = -5*b + 10. Calculate the remainder when k is divided by 63.
62
Let f(d) = -2 - 4*d + 4 + 0*d. Let p be f(-2). What is the remainder when 1/3*(p - -146) is divided by 11?
8
Suppose -26 = -t - 3*i + 2*i, 4*t = 4*i + 104. Suppose 10*y = 9*y + 33. Let w = 134 - y. What is the remainder when w is divided by t?
23
Let g(z) = 6*z**2 - 18*z + 5. Calculate the remainder when g(4) is divided by 16.
13
Calculate the remainder when -3 + 124/40 + 12045/50 is divided by 41.
36
Suppose -2*i - 2*i - 82 = -5*g, -5*g - i = -67. What is the remainder when 65 is divided by g?
9
Let q(u) = -u**3 - 57*u**2 + 66*u + 484. Calculate the remainder when 339 is divided by q(-58).
19
Suppose 3*u = -3*w + 387, -u - 2*w = -131 + 1. What is the remainder when u is divided by 47?
34
Let w(l) = -l**2 + 19*l + 494. Let b(t) = 19*t**2 - t. Calculate the remainder when w(-14) is divided by b(1).
14
Let x(a) = 2*a + a**3 - 7*a + 2 - 4*a**2 - a**2. Let l be x(9). Suppose 0*v - 5*v + l = -4*n, -2*v = -5*n - 126. What is the remainder when v is divided by 27?
26
Let s = 750 - 263. Calculate the remainder when s is divided by 70.
67
Suppose -27*x - 76 = -346. What is the remainder when 36 is divided by x?
6
Let k be 2/5 + 66/10. Let u = -22 - -34. Let l = u - k. What is the remainder when l is divided by 4?
1
Suppose -5*m = 10, -m + 54 = 2*h - 2*m. Suppose f = b - 34, -f = 2*b - 0*b - 56. Let s = -21 + b. What is the remainder when h is divided by s?
8
Let g = -179 + 251. Calculate the remainder when g is divided by 19.
15
Let i be ((-342)/(-30) - (-4)/(-10))*1. Suppose 0 = -i*g + 10*g + 22. What is the remainder when g is divided by 16?
6
Suppose 86 + 86 = 4*f. Calculate the remainder when 212 is divided by f.
40
Let h be -2 + 6 - (-4 - -10). Let l = h - -1. Let q(r) = -29*r**3 - 2*r**2 - r + 1. Calculate the remainder when q(l) is divided by 6.
5
What is the remainder when (-388)/((-11)/((-11)/(-2))) is divided by 49?
47
Let r = 56 - 29. Suppose -22*j - 140 = -r*j. What is the remainder when 55 is divided by j?
27
Let l(m) = -5*m + 274. Calculate the remainder when 184 is divided by l(37).
6
Let f(j) = 5*j**2 - 5*j - 11. What is the remainder when 48 is divided by f(-2)?
10
Let a(w) = 14*w**2 - w. Suppose -4*x + 2*x + 36 = l, 5*x = -5*l + 170. Suppose 0*s = 4*s - l. What is the remainder when a(-1) is divided by s?
7
Let v = 14 - 0. What is the remainder when 4/(-14) - (-410)/v is divided by (-32)/(-8)*1 - (-9 - -3)?
9
Calculate the remainder when 167 is divided by (-11)/(-22)*(3 - -45).
23
Suppose 0 = 3*u - 93 - 66. Let h(k) = -k**3 - 11*k**2 + 10*k - 7. Let v be h(-12). Let s = v - -10. Calculate the remainder when u is divided by s.
26
Suppose 3*h - 1315 = -2*h. What is the remainder when h is divided by 11?
10
Let j(r) = r**2 + 2. Let a be j(5). Let u be (-5)/10 - (-52)/8. What is the remainder when 303/27 - u/a is divided by 4?
3
Let y(c) = c**2 + c + 3. What is the remainder when y(-13) is divided by 41?
36
Let x(m) = 2*m**2 - 13*m - 57. What is the remainder when x(-6) is divided by 16?
13
Let j(m) = -10*m - 326. What is the remainder when 123 is divided by j(-34)?
11
Suppose -4*c - 153 = -5*r + 376, 553 = -4*c - 3*r. Let p = c - -202. Calculate the remainder when p is divided by 136*(9 + 710/(-80)).
15
Suppose 1 = 2*q - 5. What is the remainder when 17 is divided by (-7 - 3)*(-3)/q?
7
Let v = -1129 - -1520. What is the remainder when v is divided by 28?
27
Let c = 747 + -737. What is the remainder when 117 is divided by c?
7
Suppose 127*s - 123*s - 784 = 0. Calculate the remainder when s is divided by 18.
16
Let n be 1/(2/(-71))*-2. Let d(t) = t**3 - 47*t**2 + 46*t + 5. Let f be d(46). Suppose -f*v + n = 16. What is the remainder when v is divided by 3?
2
Calculate the remainder when (-1)/((-9505)/(-1585) + -3 - 3) is divided by 23.
18
Suppose -1574*u - 200 = -1582*u. What is the remainder when 310/3*12/10 is divided by u?
24
Let l(q) = -q**3 - 2*q**2 + q + 39. What is the remainder when 128 is divided by l(0)?
11
Let n = -341 - -188. Let g = -143 - n. What is the remainder when 197 is divided by g?
7
Let u = -376 - -723. What is the remainder when u is divided by 25?
22
Let h = -631 + 715. What is the remainder when 578 is divided by h?
74
Let q be 1/3 + 16/(-12) + 0. Let f = 5 + 8. Calculate the remainder when f is divided by -2*(0 - q) - -8.
1
Let j(v) = 14*v**2 + 3*v + 2. Suppose 39 = 15*y - 166 + 40. What is the remainder when j(-2) is divided by y?
8
Let x(z) = 41*z**2 - 20*z**2 - 20*z**2 - 2 + 3*z. Let m(a) = a**2 + 8*a + 5. Calculate the remainder when x(4) is divided by m(-9).
12
Suppose 0 = r - 4*v - 25, 4*r = 5*v + 23 + 22. Suppose -22 + 3 = 2*b + r*d, 5*d + 25 = 0. Calculate the remainder when b is divided by 1.
0
Suppose z + 2*o = 5*z - 36, 2*z - 18 = -4*o. Suppose z - 1 = 2*f, -51 = -k + 4*f. Calculate the remainder when k is divided by 14.
11
Suppose 0 = 43*m - 21962 + 4504. Calculate the remainder when m is divided by 37.
36
Suppose 0*y - 4*y + 24 = 0. Suppose -2*f = -y*f + 68. What is the remainder when 48 is divided by f?
14
Let i = -3 - -4. Let s be i*(-2 - -1) - -11. Suppose -d + s = -3*j, 3*j = -3*d + 108 - 30. Calculate the remainder when d is divided by 6.
4
Let m(r) = 4*r - 37. Calculate the remainder when 44 is divided by m(15).
21
Suppose 19*l - 15 = 99. What is the remainder when 19 is divided by l?
1
Suppose -26*k = -29*k + 312. What is the remainder when k is divided by 12?
8
Suppose -8*q + 5*q = -9. Let g = -4 - -3. Let x(s) = -9*s**3 + s**2 + 2*s + 1. Calculate the remainder when x(g) is divided by q.
0
Let i(z) = -3*z + 15. Let w be i(5). Suppose -2*t - g + 21 = w, 3*g + 75 = 5*t - 2*g. What is the remainder when 44 is divided by t?
8
Let m = 52 - 49. Suppose 5*n + 0*n + m*s = 141, 4*s - 89 = -3*n. What is the remainder when n is divided by 15?
12
Let y = 7 - 16. Let u(r) = -r - 5. Let w be u(y). Suppose -3*n = -3*p - 69, 3*n + w*p - 38 = 10. Calculate the remainder when n is divided by 11.
9
Let i be 2/((-2)/7 + (-96)/(-140)). Suppose